hest common factor of 1184 and 32.
32
Calculate the greatest common factor of 12 and 2238.
6
Calculate the highest common factor of 28 and 28252.
28
What is the greatest common divisor of 252 and 108?
36
What is the greatest common divisor of 14 and 1106?
14
What is the greatest common divisor of 30141 and 153?
153
Calculate the highest common factor of 110 and 407.
11
What is the highest common divisor of 15962 and 92?
46
Calculate the greatest common divisor of 1190 and 2550.
170
Calculate the greatest common factor of 14539 and 134.
67
What is the greatest common divisor of 186 and 1581?
93
Calculate the greatest common factor of 350 and 210.
70
What is the greatest common divisor of 1312 and 41?
41
What is the highest common divisor of 1677 and 258?
129
What is the highest common factor of 32890 and 286?
286
Calculate the greatest common divisor of 74 and 148.
74
Calculate the highest common factor of 555 and 1290.
15
Calculate the greatest common divisor of 642 and 174.
6
What is the highest common factor of 6954 and 608?
38
Calculate the highest common factor of 28 and 43078.
14
What is the greatest common divisor of 252 and 308?
28
Calculate the greatest common divisor of 35 and 714.
7
Calculate the highest common factor of 546 and 2247.
21
What is the highest common divisor of 564 and 1316?
188
What is the greatest common factor of 4360 and 10?
10
What is the greatest common factor of 18 and 14?
2
What is the highest common divisor of 2185 and 95?
95
Calculate the highest common divisor of 47 and 4606.
47
Calculate the greatest common divisor of 43 and 6751.
43
What is the highest common divisor of 249 and 3?
3
What is the highest common factor of 194 and 3?
1
What is the highest common factor of 147 and 1218?
21
What is the greatest common factor of 42 and 354?
6
What is the highest common factor of 2838 and 132?
66
What is the greatest common factor of 512 and 24?
8
Calculate the greatest common factor of 893 and 19.
19
What is the highest common factor of 945 and 504?
63
What is the greatest common factor of 396 and 468?
36
What is the highest common factor of 71 and 3337?
71
Calculate the greatest common divisor of 80 and 14500.
20
What is the highest common factor of 15 and 60?
15
Calculate the highest common factor of 34 and 22.
2
Calculate the highest common factor of 36 and 18378.
18
What is the highest common divisor of 176 and 11?
11
What is the highest common divisor of 133 and 304?
19
Calculate the greatest common divisor of 29 and 1073.
29
What is the greatest common factor of 2968 and 106?
106
What is the highest common factor of 14 and 329?
7
Calculate the greatest common divisor of 1232 and 1617.
77
What is the highest common divisor of 172 and 4?
4
What is the highest common factor of 708 and 649?
59
Calculate the greatest common factor of 132 and 96.
12
What is the greatest common factor of 180 and 615?
15
Calculate the highest common divisor of 57 and 3667.
19
What is the greatest common divisor of 713 and 2201?
31
What is the greatest common factor of 216 and 13554?
54
What is the greatest common divisor of 36 and 6?
6
What is the greatest common factor of 2 and 626?
2
What is the highest common divisor of 408 and 288?
24
What is the greatest common factor of 180 and 45?
45
What is the highest common factor of 38 and 21394?
38
What is the highest common divisor of 81 and 567?
81
What is the greatest common factor of 1298 and 354?
118
What is the highest common divisor of 14325 and 150?
75
What is the greatest common divisor of 94 and 423?
47
What is the greatest common factor of 261 and 81?
9
What is the greatest common divisor of 162 and 378?
54
What is the greatest common factor of 11542 and 116?
58
Calculate the greatest common divisor of 19 and 817.
19
Calculate the highest common divisor of 8 and 7.
1
What is the greatest common factor of 85 and 460?
5
Calculate the highest common factor of 30 and 150.
30
What is the highest common factor of 768 and 96?
96
Calculate the highest common divisor of 69 and 3.
3
What is the greatest common factor of 621 and 6?
3
What is the greatest common factor of 12906 and 54?
54
What is the highest common divisor of 5 and 395?
5
What is the highest common divisor of 60 and 4700?
20
Calculate the highest common divisor of 216 and 1242.
54
Calculate the highest common factor of 595 and 35.
35
Calculate the highest common divisor of 13 and 871.
13
Calculate the greatest common factor of 190 and 361.
19
Calculate the highest common factor of 126 and 616.
14
What is the highest common factor of 510 and 68?
34
What is the greatest common divisor of 31 and 3?
1
Calculate the greatest common divisor of 20 and 2284.
4
What is the highest common factor of 81 and 459?
27
Calculate the greatest common divisor of 126 and 16272.
18
Calculate the highest common divisor of 294 and 84.
42
Calculate the greatest common divisor of 10 and 730.
10
What is the highest common factor of 194 and 5723?
97
What is the highest common divisor of 84 and 3808?
28
What is the highest common divisor of 143 and 1386?
11
What is the greatest common divisor of 4439 and 386?
193
What is the highest common divisor of 654 and 12?
6
Calculate the greatest common divisor of 11 and 2684.
11
Calculate the greatest common factor of 132 and 336.
12
Calculate the greatest common divisor of 3813 and 4464.
93
Calculate the highest common factor of 2079 and 54.
27
What is the highest common divisor of 24 and 156?
12
Calculate the greatest common factor of 112 and 22204.
28
Calculate the highest common factor of 36 and 1596.
12
Calculate the highest common divisor of 1160 and 725.
145
Calculate the highest common divisor of 6540 and 72.
12
Calculate the highest common divisor of 175 and 455.
35
What is the greatest common divisor of 770 and 3290?
70
Calculate the greatest common factor of 1859 and 676.
169
Calculate the highest common factor of 36 and 900.
36
Calculate the highest common divisor of 184 and 874.
46
Calculate the greatest common factor of 50 and 525.
25
Calculate the highest common factor of 11 and 781.
11
Calculate the greatest common factor of 114 and 6.
6
Calculate the highest common divisor of 17 and 153.
17
What is the greatest common factor of 2397 and 663?
51
What is the highest common factor of 64 and 96?
32
Calculate the highest common divisor of 21 and 44961.
21
What is the highest common divisor of 6136 and 104?
104
Calculate the greatest common factor of 2183 and 177.
59
Calculate the highest common divisor of 7 and 301.
7
What is the highest common divisor of 9707 and 119?
17
What is the highest common divisor of 141 and 1?
1
Calculate the highest common factor of 228 and 372.
12
Calculate the highest common divisor of 1155 and 483.
21
Calculate the greatest common divisor of 16 and 1064.
8
Calculate the greatest common factor of 82 and 41.
41
Calculate the highest common divisor of 2178 and 1386.
198
Calculate the highest common divisor of 20 and 130.
10
Calculate the greatest common divisor of 385 and 616.
77
Calculate the highest common factor of 374 and 44.
22
Calculate the highest common divisor of 27 and 243.
27
What is the highest common divisor of 5 and 3?
1
Calculate the highest common factor of 2 and 158.
2
Calculate the highest common divisor of 259 and 37.
37
Calculate the highest common divisor of 570 and 90.
30
What is the highest common factor of 21 and 4249?
7
What is the highest common factor of 33 and 1342?
11
What is the highest common divisor of 928 and 64?
32
Calculate the greatest common factor of 5 and 4.
1
Calculate the greatest common divisor of 10 and 470.
10
Calculate the greatest common factor of 280 and 168.
56
What is the greatest common divisor of 29 and 493?
29
Calculate the highest common factor of 2 and 178.
2
What is the highest common divisor of 899 and 58?
29
Calculate the greatest common divisor of 1079 and 664.
83
What is the greatest common factor of 808 and 8?
8
Calculate the greatest common factor of 72 and 32.
8
Calculate the greatest common divisor of 9300 and 2700.
300
What is the highest common divisor of 40 and 5?
5
What is the greatest common factor of 704 and 110?
22
What is the greatest common divisor of 39 and 975?
39
What is the greatest common